{"id":18009,"date":"2016-03-17T14:53:11","date_gmt":"2016-03-17T14:53:11","guid":{"rendered":"https:\/\/pafritas.es\/tienda\/sal-mineral\/"},"modified":"2023-03-30T09:41:21","modified_gmt":"2023-03-30T09:41:21","slug":"sel-mineral","status":"publish","type":"product","link":"https:\/\/pafritas.es\/fr\/boutique\/sel-mineral\/","title":{"rendered":"Sel Mineral"},"content":{"rendered":"","protected":false},"excerpt":{"rendered":"<p>VOUS AIMEZ LE SEL!!!!!<\/p>\n<p>Nous vous pr\u00e9sentons \u00a0PAFRITAS au sel Min\u00e9ral d\u00b4 A\u00f1ana, \u00e9cologique, riche en oligo-\u00e9l\u00e9ments et cueilli \u00a0\u00e0 la main par les ramasseurs de sel \u00a0de la ville, dans cette merveilleuse vall\u00e9e \u00a0sal\u00e9e\u00a0 d\u00b4 A\u00f1ana, d\u00b4 Alava.\u00a0Une \u00a0ferme construite \u00a0par les romains qui vient \u00a0d\u00b4une \u00a0ancienne \u00a0mer d\u00b4il y a plus\u00a0 de 200 millions d\u00b4ann\u00e9es, ce qui les rend \u00a0uniques \u00a0et irrempla\u00e7able.<\/p>\n<p>Essayez les!!!<\/p>\n","protected":false},"featured_media":18010,"comment_status":"open","ping_status":"closed","template":"","meta":[],"product_brand":[],"product_cat":[549],"product_tag":[],"class_list":{"0":"post-18009","1":"product","2":"type-product","3":"status-publish","4":"has-post-thumbnail","6":"product_cat-pommes-de-terre-sautees","8":"first","9":"instock","10":"shipping-taxable","11":"purchasable","12":"product-type-variable","13":"has-default-attributes"},"yoast_head":"<!-- This site is optimized with the Yoast SEO plugin v25.0 - https:\/\/yoast.com\/wordpress\/plugins\/seo\/ -->\n<title>Sel Mineral - Pafritas<\/title>\n<meta name=\"robots\" content=\"index, follow, max-snippet:-1, max-image-preview:large, max-video-preview:-1\" \/>\n<link rel=\"canonical\" href=\"https:\/\/pafritas.es\/fr\/boutique\/sel-mineral\/\" \/>\n<meta property=\"og:locale\" content=\"fr_FR\" \/>\n<meta property=\"og:type\" content=\"article\" \/>\n<meta property=\"og:title\" content=\"Sel Mineral - Pafritas\" \/>\n<meta property=\"og:description\" content=\"VOUS AIMEZ LE SEL!!!!!  Nous vous pr\u00e9sentons \u00a0PAFRITAS au sel Min\u00e9ral d\u00b4 A\u00f1ana, \u00e9cologique, riche en oligo-\u00e9l\u00e9ments et cueilli \u00a0\u00e0 la main par les ramasseurs de sel \u00a0de la ville, dans cette merveilleuse vall\u00e9e \u00a0sal\u00e9e\u00a0 d\u00b4 A\u00f1ana, d\u00b4 Alava.\u00a0Une \u00a0ferme construite \u00a0par les romains qui vient \u00a0d\u00b4une \u00a0ancienne \u00a0mer d\u00b4il y a plus\u00a0 de 200 millions d\u00b4ann\u00e9es, ce qui les rend \u00a0uniques \u00a0et irrempla\u00e7able.  Essayez les!!!\" \/>\n<meta property=\"og:url\" content=\"https:\/\/pafritas.es\/fr\/boutique\/sel-mineral\/\" \/>\n<meta property=\"og:site_name\" content=\"Pafritas: Patatas fritas artesanales\" \/>\n<meta property=\"article:publisher\" content=\"https:\/\/www.facebook.com\/pafritasartesano\" \/>\n<meta property=\"article:modified_time\" content=\"2023-03-30T09:41:21+00:00\" \/>\n<meta property=\"og:image\" content=\"https:\/\/pafritas.es\/wp-content\/uploads\/2016\/03\/ImagenProductos_Tavola-disegno-1-copia-8.jpg\" \/>\n\t<meta property=\"og:image:width\" content=\"900\" \/>\n\t<meta property=\"og:image:height\" content=\"900\" \/>\n\t<meta property=\"og:image:type\" content=\"image\/jpeg\" \/>\n<meta name=\"twitter:card\" content=\"summary_large_image\" \/>\n<meta name=\"twitter:site\" content=\"@Pafritas\" \/>\n<script type=\"application\/ld+json\" class=\"yoast-schema-graph\">{\"@context\":\"https:\/\/schema.org\",\"@graph\":[{\"@type\":\"WebPage\",\"@id\":\"https:\/\/pafritas.es\/fr\/boutique\/sel-mineral\/\",\"url\":\"https:\/\/pafritas.es\/fr\/boutique\/sel-mineral\/\",\"name\":\"Sel Mineral - Pafritas\",\"isPartOf\":{\"@id\":\"https:\/\/pafritas.es\/fr\/#website\"},\"primaryImageOfPage\":{\"@id\":\"https:\/\/pafritas.es\/fr\/boutique\/sel-mineral\/#primaryimage\"},\"image\":{\"@id\":\"https:\/\/pafritas.es\/fr\/boutique\/sel-mineral\/#primaryimage\"},\"thumbnailUrl\":\"https:\/\/pafritas.es\/wp-content\/uploads\/2016\/03\/ImagenProductos_Tavola-disegno-1-copia-8.jpg\",\"datePublished\":\"2016-03-17T14:53:11+00:00\",\"dateModified\":\"2023-03-30T09:41:21+00:00\",\"breadcrumb\":{\"@id\":\"https:\/\/pafritas.es\/fr\/boutique\/sel-mineral\/#breadcrumb\"},\"inLanguage\":\"fr-FR\",\"potentialAction\":[{\"@type\":\"ReadAction\",\"target\":[\"https:\/\/pafritas.es\/fr\/boutique\/sel-mineral\/\"]}]},{\"@type\":\"ImageObject\",\"inLanguage\":\"fr-FR\",\"@id\":\"https:\/\/pafritas.es\/fr\/boutique\/sel-mineral\/#primaryimage\",\"url\":\"https:\/\/pafritas.es\/wp-content\/uploads\/2016\/03\/ImagenProductos_Tavola-disegno-1-copia-8.jpg\",\"contentUrl\":\"https:\/\/pafritas.es\/wp-content\/uploads\/2016\/03\/ImagenProductos_Tavola-disegno-1-copia-8.jpg\",\"width\":900,\"height\":900},{\"@type\":\"BreadcrumbList\",\"@id\":\"https:\/\/pafritas.es\/fr\/boutique\/sel-mineral\/#breadcrumb\",\"itemListElement\":[{\"@type\":\"ListItem\",\"position\":1,\"name\":\"Portada\",\"item\":\"https:\/\/pafritas.es\/fr\/\"},{\"@type\":\"ListItem\",\"position\":2,\"name\":\"Produits\",\"item\":\"https:\/\/pafritas.es\/fr\/shop\/\"},{\"@type\":\"ListItem\",\"position\":3,\"name\":\"Sel Mineral\"}]},{\"@type\":\"WebSite\",\"@id\":\"https:\/\/pafritas.es\/fr\/#website\",\"url\":\"https:\/\/pafritas.es\/fr\/\",\"name\":\"Pafritas: Patatas fritas artesanales\",\"description\":\"Garantia de calidad\",\"publisher\":{\"@id\":\"https:\/\/pafritas.es\/fr\/#organization\"},\"potentialAction\":[{\"@type\":\"SearchAction\",\"target\":{\"@type\":\"EntryPoint\",\"urlTemplate\":\"https:\/\/pafritas.es\/fr\/?s={search_term_string}\"},\"query-input\":{\"@type\":\"PropertyValueSpecification\",\"valueRequired\":true,\"valueName\":\"search_term_string\"}}],\"inLanguage\":\"fr-FR\"},{\"@type\":\"Organization\",\"@id\":\"https:\/\/pafritas.es\/fr\/#organization\",\"name\":\"Pafritas\",\"url\":\"https:\/\/pafritas.es\/fr\/\",\"logo\":{\"@type\":\"ImageObject\",\"inLanguage\":\"fr-FR\",\"@id\":\"https:\/\/pafritas.es\/fr\/#\/schema\/logo\/image\/\",\"url\":\"https:\/\/pafritas.es\/wp-content\/uploads\/2013\/10\/Logotipo_Pafritas_Patatas_fritas_de_calidad-2.png\",\"contentUrl\":\"https:\/\/pafritas.es\/wp-content\/uploads\/2013\/10\/Logotipo_Pafritas_Patatas_fritas_de_calidad-2.png\",\"width\":155,\"height\":57,\"caption\":\"Pafritas\"},\"image\":{\"@id\":\"https:\/\/pafritas.es\/fr\/#\/schema\/logo\/image\/\"},\"sameAs\":[\"https:\/\/www.facebook.com\/pafritasartesano\",\"https:\/\/x.com\/Pafritas\",\"https:\/\/www.instagram.com\/pafritas_artesano\/\"]}]}<\/script>\n<!-- \/ Yoast SEO plugin. -->","yoast_head_json":{"title":"Sel Mineral - Pafritas","robots":{"index":"index","follow":"follow","max-snippet":"max-snippet:-1","max-image-preview":"max-image-preview:large","max-video-preview":"max-video-preview:-1"},"canonical":"https:\/\/pafritas.es\/fr\/boutique\/sel-mineral\/","og_locale":"fr_FR","og_type":"article","og_title":"Sel Mineral - Pafritas","og_description":"VOUS AIMEZ LE SEL!!!!!  Nous vous pr\u00e9sentons \u00a0PAFRITAS au sel Min\u00e9ral d\u00b4 A\u00f1ana, \u00e9cologique, riche en oligo-\u00e9l\u00e9ments et cueilli \u00a0\u00e0 la main par les ramasseurs de sel \u00a0de la ville, dans cette merveilleuse vall\u00e9e \u00a0sal\u00e9e\u00a0 d\u00b4 A\u00f1ana, d\u00b4 Alava.\u00a0Une \u00a0ferme construite \u00a0par les romains qui vient \u00a0d\u00b4une \u00a0ancienne \u00a0mer d\u00b4il y a plus\u00a0 de 200 millions d\u00b4ann\u00e9es, ce qui les rend \u00a0uniques \u00a0et irrempla\u00e7able.  Essayez les!!!","og_url":"https:\/\/pafritas.es\/fr\/boutique\/sel-mineral\/","og_site_name":"Pafritas: Patatas fritas artesanales","article_publisher":"https:\/\/www.facebook.com\/pafritasartesano","article_modified_time":"2023-03-30T09:41:21+00:00","og_image":[{"width":900,"height":900,"url":"https:\/\/pafritas.es\/wp-content\/uploads\/2016\/03\/ImagenProductos_Tavola-disegno-1-copia-8.jpg","type":"image\/jpeg"}],"twitter_card":"summary_large_image","twitter_site":"@Pafritas","schema":{"@context":"https:\/\/schema.org","@graph":[{"@type":"WebPage","@id":"https:\/\/pafritas.es\/fr\/boutique\/sel-mineral\/","url":"https:\/\/pafritas.es\/fr\/boutique\/sel-mineral\/","name":"Sel Mineral - Pafritas","isPartOf":{"@id":"https:\/\/pafritas.es\/fr\/#website"},"primaryImageOfPage":{"@id":"https:\/\/pafritas.es\/fr\/boutique\/sel-mineral\/#primaryimage"},"image":{"@id":"https:\/\/pafritas.es\/fr\/boutique\/sel-mineral\/#primaryimage"},"thumbnailUrl":"https:\/\/pafritas.es\/wp-content\/uploads\/2016\/03\/ImagenProductos_Tavola-disegno-1-copia-8.jpg","datePublished":"2016-03-17T14:53:11+00:00","dateModified":"2023-03-30T09:41:21+00:00","breadcrumb":{"@id":"https:\/\/pafritas.es\/fr\/boutique\/sel-mineral\/#breadcrumb"},"inLanguage":"fr-FR","potentialAction":[{"@type":"ReadAction","target":["https:\/\/pafritas.es\/fr\/boutique\/sel-mineral\/"]}]},{"@type":"ImageObject","inLanguage":"fr-FR","@id":"https:\/\/pafritas.es\/fr\/boutique\/sel-mineral\/#primaryimage","url":"https:\/\/pafritas.es\/wp-content\/uploads\/2016\/03\/ImagenProductos_Tavola-disegno-1-copia-8.jpg","contentUrl":"https:\/\/pafritas.es\/wp-content\/uploads\/2016\/03\/ImagenProductos_Tavola-disegno-1-copia-8.jpg","width":900,"height":900},{"@type":"BreadcrumbList","@id":"https:\/\/pafritas.es\/fr\/boutique\/sel-mineral\/#breadcrumb","itemListElement":[{"@type":"ListItem","position":1,"name":"Portada","item":"https:\/\/pafritas.es\/fr\/"},{"@type":"ListItem","position":2,"name":"Produits","item":"https:\/\/pafritas.es\/fr\/shop\/"},{"@type":"ListItem","position":3,"name":"Sel Mineral"}]},{"@type":"WebSite","@id":"https:\/\/pafritas.es\/fr\/#website","url":"https:\/\/pafritas.es\/fr\/","name":"Pafritas: Patatas fritas artesanales","description":"Garantia de calidad","publisher":{"@id":"https:\/\/pafritas.es\/fr\/#organization"},"potentialAction":[{"@type":"SearchAction","target":{"@type":"EntryPoint","urlTemplate":"https:\/\/pafritas.es\/fr\/?s={search_term_string}"},"query-input":{"@type":"PropertyValueSpecification","valueRequired":true,"valueName":"search_term_string"}}],"inLanguage":"fr-FR"},{"@type":"Organization","@id":"https:\/\/pafritas.es\/fr\/#organization","name":"Pafritas","url":"https:\/\/pafritas.es\/fr\/","logo":{"@type":"ImageObject","inLanguage":"fr-FR","@id":"https:\/\/pafritas.es\/fr\/#\/schema\/logo\/image\/","url":"https:\/\/pafritas.es\/wp-content\/uploads\/2013\/10\/Logotipo_Pafritas_Patatas_fritas_de_calidad-2.png","contentUrl":"https:\/\/pafritas.es\/wp-content\/uploads\/2013\/10\/Logotipo_Pafritas_Patatas_fritas_de_calidad-2.png","width":155,"height":57,"caption":"Pafritas"},"image":{"@id":"https:\/\/pafritas.es\/fr\/#\/schema\/logo\/image\/"},"sameAs":["https:\/\/www.facebook.com\/pafritasartesano","https:\/\/x.com\/Pafritas","https:\/\/www.instagram.com\/pafritas_artesano\/"]}]}},"_links":{"self":[{"href":"https:\/\/pafritas.es\/fr\/wp-json\/wp\/v2\/product\/18009","targetHints":{"allow":["GET"]}}],"collection":[{"href":"https:\/\/pafritas.es\/fr\/wp-json\/wp\/v2\/product"}],"about":[{"href":"https:\/\/pafritas.es\/fr\/wp-json\/wp\/v2\/types\/product"}],"replies":[{"embeddable":true,"href":"https:\/\/pafritas.es\/fr\/wp-json\/wp\/v2\/comments?post=18009"}],"wp:featuredmedia":[{"embeddable":true,"href":"https:\/\/pafritas.es\/fr\/wp-json\/wp\/v2\/media\/18010"}],"wp:attachment":[{"href":"https:\/\/pafritas.es\/fr\/wp-json\/wp\/v2\/media?parent=18009"}],"wp:term":[{"taxonomy":"product_brand","embeddable":true,"href":"https:\/\/pafritas.es\/fr\/wp-json\/wp\/v2\/product_brand?post=18009"},{"taxonomy":"product_cat","embeddable":true,"href":"https:\/\/pafritas.es\/fr\/wp-json\/wp\/v2\/product_cat?post=18009"},{"taxonomy":"product_tag","embeddable":true,"href":"https:\/\/pafritas.es\/fr\/wp-json\/wp\/v2\/product_tag?post=18009"}],"curies":[{"name":"wp","href":"https:\/\/api.w.org\/{rel}","templated":true}]}}

<p>VOUS AIMEZ LE SEL!!!!!</p>
<p>Nous vous présentons  PAFRITAS au sel Minéral d´ Añana, écologique, riche en oligo-éléments et cueilli  à la main par les ramasseurs de sel  de la ville, dans cette merveilleuse vallée  salée  d´ Añana, d´ Alava. Une  ferme construite  par les romains qui vient  d´une  ancienne  mer d´il y a plus  de 200 millions d´années, ce qui les rend  uniques  et irremplaçable.</p>
<p>Essayez les!!!</p>

<!-- This site is optimized with the Yoast SEO plugin v25.0 - https://yoast.com/wordpress/plugins/seo/ -->
<title>Sel Mineral - Pafritas</title>
<meta name="robots" content="index, follow, max-snippet:-1, max-image-preview:large, max-video-preview:-1" />
<link rel="canonical" href="https://pafritas.es/fr/boutique/sel-mineral/" />
<meta property="og:locale" content="fr_FR" />
<meta property="og:type" content="article" />
<meta property="og:title" content="Sel Mineral - Pafritas" />
<meta property="og:description" content="VOUS AIMEZ LE SEL!!!!!  Nous vous présentons  PAFRITAS au sel Minéral d´ Añana, écologique, riche en oligo-éléments et cueilli  à la main par les ramasseurs de sel  de la ville, dans cette merveilleuse vallée  salée  d´ Añana, d´ Alava. Une  ferme construite  par les romains qui vient  d´une  ancienne  mer d´il y a plus  de 200 millions d´années, ce qui les rend  uniques  et irremplaçable.  Essayez les!!!" />
<meta property="og:url" content="https://pafritas.es/fr/boutique/sel-mineral/" />
<meta property="og:site_name" content="Pafritas: Patatas fritas artesanales" />
<meta property="article:publisher" content="https://www.facebook.com/pafritasartesano" />
<meta property="article:modified_time" content="2023-03-30T09:41:21+00:00" />
<meta property="og:image" content="https://pafritas.es/wp-content/uploads/2016/03/ImagenProductos_Tavola-disegno-1-copia-8.jpg" />
	<meta property="og:image:width" content="900" />
	<meta property="og:image:height" content="900" />
	<meta property="og:image:type" content="image/jpeg" />
<meta name="twitter:card" content="summary_large_image" />
<meta name="twitter:site" content="@Pafritas" />
<script type="application/ld+json" class="yoast-schema-graph">{"@context":"https://schema.org","@graph":[{"@type":"WebPage","@id":"https://pafritas.es/fr/boutique/sel-mineral/","url":"https://pafritas.es/fr/boutique/sel-mineral/","name":"Sel Mineral - Pafritas","isPartOf":{"@id":"https://pafritas.es/fr/#website"},"primaryImageOfPage":{"@id":"https://pafritas.es/fr/boutique/sel-mineral/#primaryimage"},"image":{"@id":"https://pafritas.es/fr/boutique/sel-mineral/#primaryimage"},"thumbnailUrl":"https://pafritas.es/wp-content/uploads/2016/03/ImagenProductos_Tavola-disegno-1-copia-8.jpg","datePublished":"2016-03-17T14:53:11+00:00","dateModified":"2023-03-30T09:41:21+00:00","breadcrumb":{"@id":"https://pafritas.es/fr/boutique/sel-mineral/#breadcrumb"},"inLanguage":"fr-FR","potentialAction":[{"@type":"ReadAction","target":["https://pafritas.es/fr/boutique/sel-mineral/"]}]},{"@type":"ImageObject","inLanguage":"fr-FR","@id":"https://pafritas.es/fr/boutique/sel-mineral/#primaryimage","url":"https://pafritas.es/wp-content/uploads/2016/03/ImagenProductos_Tavola-disegno-1-copia-8.jpg","contentUrl":"https://pafritas.es/wp-content/uploads/2016/03/ImagenProductos_Tavola-disegno-1-copia-8.jpg","width":900,"height":900},{"@type":"BreadcrumbList","@id":"https://pafritas.es/fr/boutique/sel-mineral/#breadcrumb","itemListElement":[{"@type":"ListItem","position":1,"name":"Portada","item":"https://pafritas.es/fr/"},{"@type":"ListItem","position":2,"name":"Produits","item":"https://pafritas.es/fr/shop/"},{"@type":"ListItem","position":3,"name":"Sel Mineral"}]},{"@type":"WebSite","@id":"https://pafritas.es/fr/#website","url":"https://pafritas.es/fr/","name":"Pafritas: Patatas fritas artesanales","description":"Garantia de calidad","publisher":{"@id":"https://pafritas.es/fr/#organization"},"potentialAction":[{"@type":"SearchAction","target":{"@type":"EntryPoint","urlTemplate":"https://pafritas.es/fr/?s={search_term_string}"},"query-input":{"@type":"PropertyValueSpecification","valueRequired":true,"valueName":"search_term_string"}}],"inLanguage":"fr-FR"},{"@type":"Organization","@id":"https://pafritas.es/fr/#organization","name":"Pafritas","url":"https://pafritas.es/fr/","logo":{"@type":"ImageObject","inLanguage":"fr-FR","@id":"https://pafritas.es/fr/#/schema/logo/image/","url":"https://pafritas.es/wp-content/uploads/2013/10/Logotipo_Pafritas_Patatas_fritas_de_calidad-2.png","contentUrl":"https://pafritas.es/wp-content/uploads/2013/10/Logotipo_Pafritas_Patatas_fritas_de_calidad-2.png","width":155,"height":57,"caption":"Pafritas"},"image":{"@id":"https://pafritas.es/fr/#/schema/logo/image/"},"sameAs":["https://www.facebook.com/pafritasartesano","https://x.com/Pafritas","https://www.instagram.com/pafritas_artesano/"]}]}</script>
<!-- / Yoast SEO plugin. -->

VOUS AIMEZ LE SEL!!!!!  Nous vous présentons  PAFRITAS au sel Minéral d´ Añana, écologique, riche en oligo-éléments et cueilli  à la main par les ramasseurs de sel  de la ville, dans cette merveilleuse vallée  salée  d´ Añana, d´ Alava. Une  ferme construite  par les romains qui vient  d´une  ancienne  mer d´il y a plus  de 200 millions d´années, ce qui les rend  uniques  et irremplaçable.  Essayez les!!!
