{"id":17997,"date":"2016-03-16T15:57:32","date_gmt":"2016-03-16T15:57:32","guid":{"rendered":"https:\/\/pafritas.es\/tienda\/ajo\/"},"modified":"2023-03-30T09:40:48","modified_gmt":"2023-03-30T09:40:48","slug":"ail","status":"publish","type":"product","link":"https:\/\/pafritas.es\/fr\/boutique\/ail\/","title":{"rendered":"Ail"},"content":{"rendered":"","protected":false},"excerpt":{"rendered":"<p>Produit typique de notre terre<\/p>\n<p>Un produit qui accompagne \u00a0y rehausse la saveur \u00a0des plats de notre gastronomie, pour cette raison \u00a0PAFRITAS vous invite \u00a0\u00e0 \u00a0essayer \u00a0nos chips \u00e0 l\u00b4ail moulu naturel saupoudr\u00e9 \u00e0 la main sans ar\u00f4mes artificiels ni conservateurs.<\/p>\n<p>L\u00b4ail \u00a0est une source \u00a0de vitamines C y B6, en plus du fort impact qu\u00b4il a sur les facteurs \u00a0de risque des maladies cardiovasculaires.<\/p>\n<p>Tu vas attendre qu\u00b4ils te racontent???<\/p>\n","protected":false},"featured_media":17998,"comment_status":"open","ping_status":"closed","template":"","meta":[],"product_brand":[],"product_cat":[549],"product_tag":[],"class_list":{"0":"post-17997","1":"product","2":"type-product","3":"status-publish","4":"has-post-thumbnail","6":"product_cat-pommes-de-terre-sautees","8":"first","9":"instock","10":"shipping-taxable","11":"purchasable","12":"product-type-variable","13":"has-default-attributes"},"yoast_head":"<!-- This site is optimized with the Yoast SEO plugin v25.0 - https:\/\/yoast.com\/wordpress\/plugins\/seo\/ -->\n<title>Ail - Pafritas<\/title>\n<meta name=\"robots\" content=\"index, follow, max-snippet:-1, max-image-preview:large, max-video-preview:-1\" \/>\n<link rel=\"canonical\" href=\"https:\/\/pafritas.es\/fr\/boutique\/ail\/\" \/>\n<meta property=\"og:locale\" content=\"fr_FR\" \/>\n<meta property=\"og:type\" content=\"article\" \/>\n<meta property=\"og:title\" content=\"Ail - Pafritas\" \/>\n<meta property=\"og:description\" content=\"Produit typique de notre terre  Un produit qui accompagne \u00a0y rehausse la saveur \u00a0des plats de notre gastronomie, pour cette raison \u00a0PAFRITAS vous invite \u00a0\u00e0 \u00a0essayer \u00a0nos chips \u00e0 l\u00b4ail moulu naturel saupoudr\u00e9 \u00e0 la main sans ar\u00f4mes artificiels ni conservateurs.  L\u00b4ail \u00a0est une source \u00a0de vitamines C y B6, en plus du fort impact qu\u00b4il a sur les facteurs \u00a0de risque des maladies cardiovasculaires.  Tu vas attendre qu\u00b4ils te racontent???\" \/>\n<meta property=\"og:url\" content=\"https:\/\/pafritas.es\/fr\/boutique\/ail\/\" \/>\n<meta property=\"og:site_name\" content=\"Pafritas: Patatas fritas artesanales\" \/>\n<meta property=\"article:publisher\" content=\"https:\/\/www.facebook.com\/pafritasartesano\" \/>\n<meta property=\"article:modified_time\" content=\"2023-03-30T09:40:48+00:00\" \/>\n<meta property=\"og:image\" content=\"https:\/\/pafritas.es\/wp-content\/uploads\/2019\/11\/ImagenProductos_Tavola-disegno-1-copia-12.jpg\" \/>\n\t<meta property=\"og:image:width\" content=\"900\" \/>\n\t<meta property=\"og:image:height\" content=\"900\" \/>\n\t<meta property=\"og:image:type\" content=\"image\/jpeg\" \/>\n<meta name=\"twitter:card\" content=\"summary_large_image\" \/>\n<meta name=\"twitter:site\" content=\"@Pafritas\" \/>\n<script type=\"application\/ld+json\" class=\"yoast-schema-graph\">{\"@context\":\"https:\/\/schema.org\",\"@graph\":[{\"@type\":\"WebPage\",\"@id\":\"https:\/\/pafritas.es\/fr\/boutique\/ail\/\",\"url\":\"https:\/\/pafritas.es\/fr\/boutique\/ail\/\",\"name\":\"Ail - Pafritas\",\"isPartOf\":{\"@id\":\"https:\/\/pafritas.es\/fr\/#website\"},\"primaryImageOfPage\":{\"@id\":\"https:\/\/pafritas.es\/fr\/boutique\/ail\/#primaryimage\"},\"image\":{\"@id\":\"https:\/\/pafritas.es\/fr\/boutique\/ail\/#primaryimage\"},\"thumbnailUrl\":\"https:\/\/pafritas.es\/wp-content\/uploads\/2019\/11\/ImagenProductos_Tavola-disegno-1-copia-12.jpg\",\"datePublished\":\"2016-03-16T15:57:32+00:00\",\"dateModified\":\"2023-03-30T09:40:48+00:00\",\"breadcrumb\":{\"@id\":\"https:\/\/pafritas.es\/fr\/boutique\/ail\/#breadcrumb\"},\"inLanguage\":\"fr-FR\",\"potentialAction\":[{\"@type\":\"ReadAction\",\"target\":[\"https:\/\/pafritas.es\/fr\/boutique\/ail\/\"]}]},{\"@type\":\"ImageObject\",\"inLanguage\":\"fr-FR\",\"@id\":\"https:\/\/pafritas.es\/fr\/boutique\/ail\/#primaryimage\",\"url\":\"https:\/\/pafritas.es\/wp-content\/uploads\/2019\/11\/ImagenProductos_Tavola-disegno-1-copia-12.jpg\",\"contentUrl\":\"https:\/\/pafritas.es\/wp-content\/uploads\/2019\/11\/ImagenProductos_Tavola-disegno-1-copia-12.jpg\",\"width\":900,\"height\":900},{\"@type\":\"BreadcrumbList\",\"@id\":\"https:\/\/pafritas.es\/fr\/boutique\/ail\/#breadcrumb\",\"itemListElement\":[{\"@type\":\"ListItem\",\"position\":1,\"name\":\"Portada\",\"item\":\"https:\/\/pafritas.es\/fr\/\"},{\"@type\":\"ListItem\",\"position\":2,\"name\":\"Produits\",\"item\":\"https:\/\/pafritas.es\/fr\/shop\/\"},{\"@type\":\"ListItem\",\"position\":3,\"name\":\"Ail\"}]},{\"@type\":\"WebSite\",\"@id\":\"https:\/\/pafritas.es\/fr\/#website\",\"url\":\"https:\/\/pafritas.es\/fr\/\",\"name\":\"Pafritas: Patatas fritas artesanales\",\"description\":\"Garantia de calidad\",\"publisher\":{\"@id\":\"https:\/\/pafritas.es\/fr\/#organization\"},\"potentialAction\":[{\"@type\":\"SearchAction\",\"target\":{\"@type\":\"EntryPoint\",\"urlTemplate\":\"https:\/\/pafritas.es\/fr\/?s={search_term_string}\"},\"query-input\":{\"@type\":\"PropertyValueSpecification\",\"valueRequired\":true,\"valueName\":\"search_term_string\"}}],\"inLanguage\":\"fr-FR\"},{\"@type\":\"Organization\",\"@id\":\"https:\/\/pafritas.es\/fr\/#organization\",\"name\":\"Pafritas\",\"url\":\"https:\/\/pafritas.es\/fr\/\",\"logo\":{\"@type\":\"ImageObject\",\"inLanguage\":\"fr-FR\",\"@id\":\"https:\/\/pafritas.es\/fr\/#\/schema\/logo\/image\/\",\"url\":\"https:\/\/pafritas.es\/wp-content\/uploads\/2013\/10\/Logotipo_Pafritas_Patatas_fritas_de_calidad-2.png\",\"contentUrl\":\"https:\/\/pafritas.es\/wp-content\/uploads\/2013\/10\/Logotipo_Pafritas_Patatas_fritas_de_calidad-2.png\",\"width\":155,\"height\":57,\"caption\":\"Pafritas\"},\"image\":{\"@id\":\"https:\/\/pafritas.es\/fr\/#\/schema\/logo\/image\/\"},\"sameAs\":[\"https:\/\/www.facebook.com\/pafritasartesano\",\"https:\/\/x.com\/Pafritas\",\"https:\/\/www.instagram.com\/pafritas_artesano\/\"]}]}<\/script>\n<!-- \/ Yoast SEO plugin. -->","yoast_head_json":{"title":"Ail - Pafritas","robots":{"index":"index","follow":"follow","max-snippet":"max-snippet:-1","max-image-preview":"max-image-preview:large","max-video-preview":"max-video-preview:-1"},"canonical":"https:\/\/pafritas.es\/fr\/boutique\/ail\/","og_locale":"fr_FR","og_type":"article","og_title":"Ail - Pafritas","og_description":"Produit typique de notre terre  Un produit qui accompagne \u00a0y rehausse la saveur \u00a0des plats de notre gastronomie, pour cette raison \u00a0PAFRITAS vous invite \u00a0\u00e0 \u00a0essayer \u00a0nos chips \u00e0 l\u00b4ail moulu naturel saupoudr\u00e9 \u00e0 la main sans ar\u00f4mes artificiels ni conservateurs.  L\u00b4ail \u00a0est une source \u00a0de vitamines C y B6, en plus du fort impact qu\u00b4il a sur les facteurs \u00a0de risque des maladies cardiovasculaires.  Tu vas attendre qu\u00b4ils te racontent???","og_url":"https:\/\/pafritas.es\/fr\/boutique\/ail\/","og_site_name":"Pafritas: Patatas fritas artesanales","article_publisher":"https:\/\/www.facebook.com\/pafritasartesano","article_modified_time":"2023-03-30T09:40:48+00:00","og_image":[{"width":900,"height":900,"url":"https:\/\/pafritas.es\/wp-content\/uploads\/2019\/11\/ImagenProductos_Tavola-disegno-1-copia-12.jpg","type":"image\/jpeg"}],"twitter_card":"summary_large_image","twitter_site":"@Pafritas","schema":{"@context":"https:\/\/schema.org","@graph":[{"@type":"WebPage","@id":"https:\/\/pafritas.es\/fr\/boutique\/ail\/","url":"https:\/\/pafritas.es\/fr\/boutique\/ail\/","name":"Ail - Pafritas","isPartOf":{"@id":"https:\/\/pafritas.es\/fr\/#website"},"primaryImageOfPage":{"@id":"https:\/\/pafritas.es\/fr\/boutique\/ail\/#primaryimage"},"image":{"@id":"https:\/\/pafritas.es\/fr\/boutique\/ail\/#primaryimage"},"thumbnailUrl":"https:\/\/pafritas.es\/wp-content\/uploads\/2019\/11\/ImagenProductos_Tavola-disegno-1-copia-12.jpg","datePublished":"2016-03-16T15:57:32+00:00","dateModified":"2023-03-30T09:40:48+00:00","breadcrumb":{"@id":"https:\/\/pafritas.es\/fr\/boutique\/ail\/#breadcrumb"},"inLanguage":"fr-FR","potentialAction":[{"@type":"ReadAction","target":["https:\/\/pafritas.es\/fr\/boutique\/ail\/"]}]},{"@type":"ImageObject","inLanguage":"fr-FR","@id":"https:\/\/pafritas.es\/fr\/boutique\/ail\/#primaryimage","url":"https:\/\/pafritas.es\/wp-content\/uploads\/2019\/11\/ImagenProductos_Tavola-disegno-1-copia-12.jpg","contentUrl":"https:\/\/pafritas.es\/wp-content\/uploads\/2019\/11\/ImagenProductos_Tavola-disegno-1-copia-12.jpg","width":900,"height":900},{"@type":"BreadcrumbList","@id":"https:\/\/pafritas.es\/fr\/boutique\/ail\/#breadcrumb","itemListElement":[{"@type":"ListItem","position":1,"name":"Portada","item":"https:\/\/pafritas.es\/fr\/"},{"@type":"ListItem","position":2,"name":"Produits","item":"https:\/\/pafritas.es\/fr\/shop\/"},{"@type":"ListItem","position":3,"name":"Ail"}]},{"@type":"WebSite","@id":"https:\/\/pafritas.es\/fr\/#website","url":"https:\/\/pafritas.es\/fr\/","name":"Pafritas: Patatas fritas artesanales","description":"Garantia de calidad","publisher":{"@id":"https:\/\/pafritas.es\/fr\/#organization"},"potentialAction":[{"@type":"SearchAction","target":{"@type":"EntryPoint","urlTemplate":"https:\/\/pafritas.es\/fr\/?s={search_term_string}"},"query-input":{"@type":"PropertyValueSpecification","valueRequired":true,"valueName":"search_term_string"}}],"inLanguage":"fr-FR"},{"@type":"Organization","@id":"https:\/\/pafritas.es\/fr\/#organization","name":"Pafritas","url":"https:\/\/pafritas.es\/fr\/","logo":{"@type":"ImageObject","inLanguage":"fr-FR","@id":"https:\/\/pafritas.es\/fr\/#\/schema\/logo\/image\/","url":"https:\/\/pafritas.es\/wp-content\/uploads\/2013\/10\/Logotipo_Pafritas_Patatas_fritas_de_calidad-2.png","contentUrl":"https:\/\/pafritas.es\/wp-content\/uploads\/2013\/10\/Logotipo_Pafritas_Patatas_fritas_de_calidad-2.png","width":155,"height":57,"caption":"Pafritas"},"image":{"@id":"https:\/\/pafritas.es\/fr\/#\/schema\/logo\/image\/"},"sameAs":["https:\/\/www.facebook.com\/pafritasartesano","https:\/\/x.com\/Pafritas","https:\/\/www.instagram.com\/pafritas_artesano\/"]}]}},"_links":{"self":[{"href":"https:\/\/pafritas.es\/fr\/wp-json\/wp\/v2\/product\/17997","targetHints":{"allow":["GET"]}}],"collection":[{"href":"https:\/\/pafritas.es\/fr\/wp-json\/wp\/v2\/product"}],"about":[{"href":"https:\/\/pafritas.es\/fr\/wp-json\/wp\/v2\/types\/product"}],"replies":[{"embeddable":true,"href":"https:\/\/pafritas.es\/fr\/wp-json\/wp\/v2\/comments?post=17997"}],"wp:featuredmedia":[{"embeddable":true,"href":"https:\/\/pafritas.es\/fr\/wp-json\/wp\/v2\/media\/17998"}],"wp:attachment":[{"href":"https:\/\/pafritas.es\/fr\/wp-json\/wp\/v2\/media?parent=17997"}],"wp:term":[{"taxonomy":"product_brand","embeddable":true,"href":"https:\/\/pafritas.es\/fr\/wp-json\/wp\/v2\/product_brand?post=17997"},{"taxonomy":"product_cat","embeddable":true,"href":"https:\/\/pafritas.es\/fr\/wp-json\/wp\/v2\/product_cat?post=17997"},{"taxonomy":"product_tag","embeddable":true,"href":"https:\/\/pafritas.es\/fr\/wp-json\/wp\/v2\/product_tag?post=17997"}],"curies":[{"name":"wp","href":"https:\/\/api.w.org\/{rel}","templated":true}]}}

<p>Produit typique de notre terre</p>
<p>Un produit qui accompagne  y rehausse la saveur  des plats de notre gastronomie, pour cette raison  PAFRITAS vous invite  à  essayer  nos chips à l´ail moulu naturel saupoudré à la main sans arômes artificiels ni conservateurs.</p>
<p>L´ail  est une source  de vitamines C y B6, en plus du fort impact qu´il a sur les facteurs  de risque des maladies cardiovasculaires.</p>
<p>Tu vas attendre qu´ils te racontent???</p>

<!-- This site is optimized with the Yoast SEO plugin v25.0 - https://yoast.com/wordpress/plugins/seo/ -->
<title>Ail - Pafritas</title>
<meta name="robots" content="index, follow, max-snippet:-1, max-image-preview:large, max-video-preview:-1" />
<link rel="canonical" href="https://pafritas.es/fr/boutique/ail/" />
<meta property="og:locale" content="fr_FR" />
<meta property="og:type" content="article" />
<meta property="og:title" content="Ail - Pafritas" />
<meta property="og:description" content="Produit typique de notre terre  Un produit qui accompagne  y rehausse la saveur  des plats de notre gastronomie, pour cette raison  PAFRITAS vous invite  à  essayer  nos chips à l´ail moulu naturel saupoudré à la main sans arômes artificiels ni conservateurs.  L´ail  est une source  de vitamines C y B6, en plus du fort impact qu´il a sur les facteurs  de risque des maladies cardiovasculaires.  Tu vas attendre qu´ils te racontent???" />
<meta property="og:url" content="https://pafritas.es/fr/boutique/ail/" />
<meta property="og:site_name" content="Pafritas: Patatas fritas artesanales" />
<meta property="article:publisher" content="https://www.facebook.com/pafritasartesano" />
<meta property="article:modified_time" content="2023-03-30T09:40:48+00:00" />
<meta property="og:image" content="https://pafritas.es/wp-content/uploads/2019/11/ImagenProductos_Tavola-disegno-1-copia-12.jpg" />
	<meta property="og:image:width" content="900" />
	<meta property="og:image:height" content="900" />
	<meta property="og:image:type" content="image/jpeg" />
<meta name="twitter:card" content="summary_large_image" />
<meta name="twitter:site" content="@Pafritas" />
<script type="application/ld+json" class="yoast-schema-graph">{"@context":"https://schema.org","@graph":[{"@type":"WebPage","@id":"https://pafritas.es/fr/boutique/ail/","url":"https://pafritas.es/fr/boutique/ail/","name":"Ail - Pafritas","isPartOf":{"@id":"https://pafritas.es/fr/#website"},"primaryImageOfPage":{"@id":"https://pafritas.es/fr/boutique/ail/#primaryimage"},"image":{"@id":"https://pafritas.es/fr/boutique/ail/#primaryimage"},"thumbnailUrl":"https://pafritas.es/wp-content/uploads/2019/11/ImagenProductos_Tavola-disegno-1-copia-12.jpg","datePublished":"2016-03-16T15:57:32+00:00","dateModified":"2023-03-30T09:40:48+00:00","breadcrumb":{"@id":"https://pafritas.es/fr/boutique/ail/#breadcrumb"},"inLanguage":"fr-FR","potentialAction":[{"@type":"ReadAction","target":["https://pafritas.es/fr/boutique/ail/"]}]},{"@type":"ImageObject","inLanguage":"fr-FR","@id":"https://pafritas.es/fr/boutique/ail/#primaryimage","url":"https://pafritas.es/wp-content/uploads/2019/11/ImagenProductos_Tavola-disegno-1-copia-12.jpg","contentUrl":"https://pafritas.es/wp-content/uploads/2019/11/ImagenProductos_Tavola-disegno-1-copia-12.jpg","width":900,"height":900},{"@type":"BreadcrumbList","@id":"https://pafritas.es/fr/boutique/ail/#breadcrumb","itemListElement":[{"@type":"ListItem","position":1,"name":"Portada","item":"https://pafritas.es/fr/"},{"@type":"ListItem","position":2,"name":"Produits","item":"https://pafritas.es/fr/shop/"},{"@type":"ListItem","position":3,"name":"Ail"}]},{"@type":"WebSite","@id":"https://pafritas.es/fr/#website","url":"https://pafritas.es/fr/","name":"Pafritas: Patatas fritas artesanales","description":"Garantia de calidad","publisher":{"@id":"https://pafritas.es/fr/#organization"},"potentialAction":[{"@type":"SearchAction","target":{"@type":"EntryPoint","urlTemplate":"https://pafritas.es/fr/?s={search_term_string}"},"query-input":{"@type":"PropertyValueSpecification","valueRequired":true,"valueName":"search_term_string"}}],"inLanguage":"fr-FR"},{"@type":"Organization","@id":"https://pafritas.es/fr/#organization","name":"Pafritas","url":"https://pafritas.es/fr/","logo":{"@type":"ImageObject","inLanguage":"fr-FR","@id":"https://pafritas.es/fr/#/schema/logo/image/","url":"https://pafritas.es/wp-content/uploads/2013/10/Logotipo_Pafritas_Patatas_fritas_de_calidad-2.png","contentUrl":"https://pafritas.es/wp-content/uploads/2013/10/Logotipo_Pafritas_Patatas_fritas_de_calidad-2.png","width":155,"height":57,"caption":"Pafritas"},"image":{"@id":"https://pafritas.es/fr/#/schema/logo/image/"},"sameAs":["https://www.facebook.com/pafritasartesano","https://x.com/Pafritas","https://www.instagram.com/pafritas_artesano/"]}]}</script>
<!-- / Yoast SEO plugin. -->

Produit typique de notre terre  Un produit qui accompagne  y rehausse la saveur  des plats de notre gastronomie, pour cette raison  PAFRITAS vous invite  à  essayer  nos chips à l´ail moulu naturel saupoudré à la main sans arômes artificiels ni conservateurs.  L´ail  est une source  de vitamines C y B6, en plus du fort impact qu´il a sur les facteurs  de risque des maladies cardiovasculaires.  Tu vas attendre qu´ils te racontent???
