{"id":17993,"date":"2013-05-26T14:14:28","date_gmt":"2013-05-26T14:14:28","guid":{"rendered":"https:\/\/pafritas.es\/tienda\/sal-marina\/"},"modified":"2023-03-30T08:43:43","modified_gmt":"2023-03-30T08:43:43","slug":"sel-marin","status":"publish","type":"product","link":"https:\/\/pafritas.es\/fr\/boutique\/sel-marin\/","title":{"rendered":"Sel Marin"},"content":{"rendered":"","protected":false},"excerpt":{"rendered":"<p>Pomme de terre de vari\u00e9t\u00e9 aigre, s\u00e9lectionn\u00e9e, frite dans l\u00b4huile d\u00b4olive\u00a0 de nos moulins et le sel marin de torrevieja (Espagne).<\/p>\n","protected":false},"featured_media":17994,"comment_status":"open","ping_status":"closed","template":"","meta":[],"product_brand":[],"product_cat":[549],"product_tag":[],"class_list":{"0":"post-17993","1":"product","2":"type-product","3":"status-publish","4":"has-post-thumbnail","6":"product_cat-pommes-de-terre-sautees","8":"first","9":"instock","10":"shipping-taxable","11":"purchasable","12":"product-type-variable","13":"has-default-attributes"},"yoast_head":"<!-- This site is optimized with the Yoast SEO plugin v25.0 - https:\/\/yoast.com\/wordpress\/plugins\/seo\/ -->\n<title>Patatas Fritas con Sel Marin - Pafritas: Patatas fritas artesanales<\/title>\n<meta name=\"description\" content=\"Patata seleccionada variedad agria, frita en aceite de oliva de nuestras almazaras y sal marina de Torrevieja (Espa\u00f1a).\" \/>\n<meta name=\"robots\" content=\"index, follow, max-snippet:-1, max-image-preview:large, max-video-preview:-1\" \/>\n<link rel=\"canonical\" href=\"https:\/\/pafritas.es\/fr\/boutique\/sel-marin\/\" \/>\n<meta property=\"og:locale\" content=\"fr_FR\" \/>\n<meta property=\"og:type\" content=\"article\" \/>\n<meta property=\"og:title\" content=\"Patatas Fritas con Sel Marin - Pafritas: Patatas fritas artesanales\" \/>\n<meta property=\"og:description\" content=\"Patata seleccionada variedad agria, frita en aceite de oliva de nuestras almazaras y sal marina de Torrevieja (Espa\u00f1a).\" \/>\n<meta property=\"og:url\" content=\"https:\/\/pafritas.es\/fr\/boutique\/sel-marin\/\" \/>\n<meta property=\"og:site_name\" content=\"Pafritas: Patatas fritas artesanales\" \/>\n<meta property=\"article:publisher\" content=\"https:\/\/www.facebook.com\/pafritasartesano\" \/>\n<meta property=\"article:modified_time\" content=\"2023-03-30T08:43:43+00:00\" \/>\n<meta property=\"og:image\" content=\"https:\/\/pafritas.es\/wp-content\/uploads\/2019\/11\/ImagenProductos_Tavola-disegno-1-copia.jpg\" \/>\n\t<meta property=\"og:image:width\" content=\"900\" \/>\n\t<meta property=\"og:image:height\" content=\"900\" \/>\n\t<meta property=\"og:image:type\" content=\"image\/jpeg\" \/>\n<meta name=\"twitter:card\" content=\"summary_large_image\" \/>\n<meta name=\"twitter:site\" content=\"@Pafritas\" \/>\n<script type=\"application\/ld+json\" class=\"yoast-schema-graph\">{\"@context\":\"https:\/\/schema.org\",\"@graph\":[{\"@type\":\"WebPage\",\"@id\":\"https:\/\/pafritas.es\/fr\/boutique\/sel-marin\/\",\"url\":\"https:\/\/pafritas.es\/fr\/boutique\/sel-marin\/\",\"name\":\"Patatas Fritas con Sel Marin - Pafritas: Patatas fritas artesanales\",\"isPartOf\":{\"@id\":\"https:\/\/pafritas.es\/fr\/#website\"},\"primaryImageOfPage\":{\"@id\":\"https:\/\/pafritas.es\/fr\/boutique\/sel-marin\/#primaryimage\"},\"image\":{\"@id\":\"https:\/\/pafritas.es\/fr\/boutique\/sel-marin\/#primaryimage\"},\"thumbnailUrl\":\"https:\/\/pafritas.es\/wp-content\/uploads\/2019\/11\/ImagenProductos_Tavola-disegno-1-copia.jpg\",\"datePublished\":\"2013-05-26T14:14:28+00:00\",\"dateModified\":\"2023-03-30T08:43:43+00:00\",\"description\":\"Patata seleccionada variedad agria, frita en aceite de oliva de nuestras almazaras y sal marina de Torrevieja (Espa\u00f1a).\",\"breadcrumb\":{\"@id\":\"https:\/\/pafritas.es\/fr\/boutique\/sel-marin\/#breadcrumb\"},\"inLanguage\":\"fr-FR\",\"potentialAction\":[{\"@type\":\"ReadAction\",\"target\":[\"https:\/\/pafritas.es\/fr\/boutique\/sel-marin\/\"]}]},{\"@type\":\"ImageObject\",\"inLanguage\":\"fr-FR\",\"@id\":\"https:\/\/pafritas.es\/fr\/boutique\/sel-marin\/#primaryimage\",\"url\":\"https:\/\/pafritas.es\/wp-content\/uploads\/2019\/11\/ImagenProductos_Tavola-disegno-1-copia.jpg\",\"contentUrl\":\"https:\/\/pafritas.es\/wp-content\/uploads\/2019\/11\/ImagenProductos_Tavola-disegno-1-copia.jpg\",\"width\":900,\"height\":900},{\"@type\":\"BreadcrumbList\",\"@id\":\"https:\/\/pafritas.es\/fr\/boutique\/sel-marin\/#breadcrumb\",\"itemListElement\":[{\"@type\":\"ListItem\",\"position\":1,\"name\":\"Portada\",\"item\":\"https:\/\/pafritas.es\/fr\/\"},{\"@type\":\"ListItem\",\"position\":2,\"name\":\"Produits\",\"item\":\"https:\/\/pafritas.es\/fr\/shop\/\"},{\"@type\":\"ListItem\",\"position\":3,\"name\":\"Sel Marin\"}]},{\"@type\":\"WebSite\",\"@id\":\"https:\/\/pafritas.es\/fr\/#website\",\"url\":\"https:\/\/pafritas.es\/fr\/\",\"name\":\"Pafritas: Patatas fritas artesanales\",\"description\":\"Garantia de calidad\",\"publisher\":{\"@id\":\"https:\/\/pafritas.es\/fr\/#organization\"},\"potentialAction\":[{\"@type\":\"SearchAction\",\"target\":{\"@type\":\"EntryPoint\",\"urlTemplate\":\"https:\/\/pafritas.es\/fr\/?s={search_term_string}\"},\"query-input\":{\"@type\":\"PropertyValueSpecification\",\"valueRequired\":true,\"valueName\":\"search_term_string\"}}],\"inLanguage\":\"fr-FR\"},{\"@type\":\"Organization\",\"@id\":\"https:\/\/pafritas.es\/fr\/#organization\",\"name\":\"Pafritas\",\"url\":\"https:\/\/pafritas.es\/fr\/\",\"logo\":{\"@type\":\"ImageObject\",\"inLanguage\":\"fr-FR\",\"@id\":\"https:\/\/pafritas.es\/fr\/#\/schema\/logo\/image\/\",\"url\":\"https:\/\/pafritas.es\/wp-content\/uploads\/2013\/10\/Logotipo_Pafritas_Patatas_fritas_de_calidad-2.png\",\"contentUrl\":\"https:\/\/pafritas.es\/wp-content\/uploads\/2013\/10\/Logotipo_Pafritas_Patatas_fritas_de_calidad-2.png\",\"width\":155,\"height\":57,\"caption\":\"Pafritas\"},\"image\":{\"@id\":\"https:\/\/pafritas.es\/fr\/#\/schema\/logo\/image\/\"},\"sameAs\":[\"https:\/\/www.facebook.com\/pafritasartesano\",\"https:\/\/x.com\/Pafritas\",\"https:\/\/www.instagram.com\/pafritas_artesano\/\"]}]}<\/script>\n<!-- \/ Yoast SEO plugin. -->","yoast_head_json":{"title":"Patatas Fritas con Sel Marin - Pafritas: Patatas fritas artesanales","description":"Patata seleccionada variedad agria, frita en aceite de oliva de nuestras almazaras y sal marina de Torrevieja (Espa\u00f1a).","robots":{"index":"index","follow":"follow","max-snippet":"max-snippet:-1","max-image-preview":"max-image-preview:large","max-video-preview":"max-video-preview:-1"},"canonical":"https:\/\/pafritas.es\/fr\/boutique\/sel-marin\/","og_locale":"fr_FR","og_type":"article","og_title":"Patatas Fritas con Sel Marin - Pafritas: Patatas fritas artesanales","og_description":"Patata seleccionada variedad agria, frita en aceite de oliva de nuestras almazaras y sal marina de Torrevieja (Espa\u00f1a).","og_url":"https:\/\/pafritas.es\/fr\/boutique\/sel-marin\/","og_site_name":"Pafritas: Patatas fritas artesanales","article_publisher":"https:\/\/www.facebook.com\/pafritasartesano","article_modified_time":"2023-03-30T08:43:43+00:00","og_image":[{"width":900,"height":900,"url":"https:\/\/pafritas.es\/wp-content\/uploads\/2019\/11\/ImagenProductos_Tavola-disegno-1-copia.jpg","type":"image\/jpeg"}],"twitter_card":"summary_large_image","twitter_site":"@Pafritas","schema":{"@context":"https:\/\/schema.org","@graph":[{"@type":"WebPage","@id":"https:\/\/pafritas.es\/fr\/boutique\/sel-marin\/","url":"https:\/\/pafritas.es\/fr\/boutique\/sel-marin\/","name":"Patatas Fritas con Sel Marin - Pafritas: Patatas fritas artesanales","isPartOf":{"@id":"https:\/\/pafritas.es\/fr\/#website"},"primaryImageOfPage":{"@id":"https:\/\/pafritas.es\/fr\/boutique\/sel-marin\/#primaryimage"},"image":{"@id":"https:\/\/pafritas.es\/fr\/boutique\/sel-marin\/#primaryimage"},"thumbnailUrl":"https:\/\/pafritas.es\/wp-content\/uploads\/2019\/11\/ImagenProductos_Tavola-disegno-1-copia.jpg","datePublished":"2013-05-26T14:14:28+00:00","dateModified":"2023-03-30T08:43:43+00:00","description":"Patata seleccionada variedad agria, frita en aceite de oliva de nuestras almazaras y sal marina de Torrevieja (Espa\u00f1a).","breadcrumb":{"@id":"https:\/\/pafritas.es\/fr\/boutique\/sel-marin\/#breadcrumb"},"inLanguage":"fr-FR","potentialAction":[{"@type":"ReadAction","target":["https:\/\/pafritas.es\/fr\/boutique\/sel-marin\/"]}]},{"@type":"ImageObject","inLanguage":"fr-FR","@id":"https:\/\/pafritas.es\/fr\/boutique\/sel-marin\/#primaryimage","url":"https:\/\/pafritas.es\/wp-content\/uploads\/2019\/11\/ImagenProductos_Tavola-disegno-1-copia.jpg","contentUrl":"https:\/\/pafritas.es\/wp-content\/uploads\/2019\/11\/ImagenProductos_Tavola-disegno-1-copia.jpg","width":900,"height":900},{"@type":"BreadcrumbList","@id":"https:\/\/pafritas.es\/fr\/boutique\/sel-marin\/#breadcrumb","itemListElement":[{"@type":"ListItem","position":1,"name":"Portada","item":"https:\/\/pafritas.es\/fr\/"},{"@type":"ListItem","position":2,"name":"Produits","item":"https:\/\/pafritas.es\/fr\/shop\/"},{"@type":"ListItem","position":3,"name":"Sel Marin"}]},{"@type":"WebSite","@id":"https:\/\/pafritas.es\/fr\/#website","url":"https:\/\/pafritas.es\/fr\/","name":"Pafritas: Patatas fritas artesanales","description":"Garantia de calidad","publisher":{"@id":"https:\/\/pafritas.es\/fr\/#organization"},"potentialAction":[{"@type":"SearchAction","target":{"@type":"EntryPoint","urlTemplate":"https:\/\/pafritas.es\/fr\/?s={search_term_string}"},"query-input":{"@type":"PropertyValueSpecification","valueRequired":true,"valueName":"search_term_string"}}],"inLanguage":"fr-FR"},{"@type":"Organization","@id":"https:\/\/pafritas.es\/fr\/#organization","name":"Pafritas","url":"https:\/\/pafritas.es\/fr\/","logo":{"@type":"ImageObject","inLanguage":"fr-FR","@id":"https:\/\/pafritas.es\/fr\/#\/schema\/logo\/image\/","url":"https:\/\/pafritas.es\/wp-content\/uploads\/2013\/10\/Logotipo_Pafritas_Patatas_fritas_de_calidad-2.png","contentUrl":"https:\/\/pafritas.es\/wp-content\/uploads\/2013\/10\/Logotipo_Pafritas_Patatas_fritas_de_calidad-2.png","width":155,"height":57,"caption":"Pafritas"},"image":{"@id":"https:\/\/pafritas.es\/fr\/#\/schema\/logo\/image\/"},"sameAs":["https:\/\/www.facebook.com\/pafritasartesano","https:\/\/x.com\/Pafritas","https:\/\/www.instagram.com\/pafritas_artesano\/"]}]}},"_links":{"self":[{"href":"https:\/\/pafritas.es\/fr\/wp-json\/wp\/v2\/product\/17993","targetHints":{"allow":["GET"]}}],"collection":[{"href":"https:\/\/pafritas.es\/fr\/wp-json\/wp\/v2\/product"}],"about":[{"href":"https:\/\/pafritas.es\/fr\/wp-json\/wp\/v2\/types\/product"}],"replies":[{"embeddable":true,"href":"https:\/\/pafritas.es\/fr\/wp-json\/wp\/v2\/comments?post=17993"}],"wp:featuredmedia":[{"embeddable":true,"href":"https:\/\/pafritas.es\/fr\/wp-json\/wp\/v2\/media\/17994"}],"wp:attachment":[{"href":"https:\/\/pafritas.es\/fr\/wp-json\/wp\/v2\/media?parent=17993"}],"wp:term":[{"taxonomy":"product_brand","embeddable":true,"href":"https:\/\/pafritas.es\/fr\/wp-json\/wp\/v2\/product_brand?post=17993"},{"taxonomy":"product_cat","embeddable":true,"href":"https:\/\/pafritas.es\/fr\/wp-json\/wp\/v2\/product_cat?post=17993"},{"taxonomy":"product_tag","embeddable":true,"href":"https:\/\/pafritas.es\/fr\/wp-json\/wp\/v2\/product_tag?post=17993"}],"curies":[{"name":"wp","href":"https:\/\/api.w.org\/{rel}","templated":true}]}}

<p>Pomme de terre de variété aigre, sélectionnée, frite dans l´huile d´olive  de nos moulins et le sel marin de torrevieja (Espagne).</p>

<!-- This site is optimized with the Yoast SEO plugin v25.0 - https://yoast.com/wordpress/plugins/seo/ -->
<title>Patatas Fritas con Sel Marin - Pafritas: Patatas fritas artesanales</title>
<meta name="description" content="Patata seleccionada variedad agria, frita en aceite de oliva de nuestras almazaras y sal marina de Torrevieja (España)." />
<meta name="robots" content="index, follow, max-snippet:-1, max-image-preview:large, max-video-preview:-1" />
<link rel="canonical" href="https://pafritas.es/fr/boutique/sel-marin/" />
<meta property="og:locale" content="fr_FR" />
<meta property="og:type" content="article" />
<meta property="og:title" content="Patatas Fritas con Sel Marin - Pafritas: Patatas fritas artesanales" />
<meta property="og:description" content="Patata seleccionada variedad agria, frita en aceite de oliva de nuestras almazaras y sal marina de Torrevieja (España)." />
<meta property="og:url" content="https://pafritas.es/fr/boutique/sel-marin/" />
<meta property="og:site_name" content="Pafritas: Patatas fritas artesanales" />
<meta property="article:publisher" content="https://www.facebook.com/pafritasartesano" />
<meta property="article:modified_time" content="2023-03-30T08:43:43+00:00" />
<meta property="og:image" content="https://pafritas.es/wp-content/uploads/2019/11/ImagenProductos_Tavola-disegno-1-copia.jpg" />
	<meta property="og:image:width" content="900" />
	<meta property="og:image:height" content="900" />
	<meta property="og:image:type" content="image/jpeg" />
<meta name="twitter:card" content="summary_large_image" />
<meta name="twitter:site" content="@Pafritas" />
<script type="application/ld+json" class="yoast-schema-graph">{"@context":"https://schema.org","@graph":[{"@type":"WebPage","@id":"https://pafritas.es/fr/boutique/sel-marin/","url":"https://pafritas.es/fr/boutique/sel-marin/","name":"Patatas Fritas con Sel Marin - Pafritas: Patatas fritas artesanales","isPartOf":{"@id":"https://pafritas.es/fr/#website"},"primaryImageOfPage":{"@id":"https://pafritas.es/fr/boutique/sel-marin/#primaryimage"},"image":{"@id":"https://pafritas.es/fr/boutique/sel-marin/#primaryimage"},"thumbnailUrl":"https://pafritas.es/wp-content/uploads/2019/11/ImagenProductos_Tavola-disegno-1-copia.jpg","datePublished":"2013-05-26T14:14:28+00:00","dateModified":"2023-03-30T08:43:43+00:00","description":"Patata seleccionada variedad agria, frita en aceite de oliva de nuestras almazaras y sal marina de Torrevieja (España).","breadcrumb":{"@id":"https://pafritas.es/fr/boutique/sel-marin/#breadcrumb"},"inLanguage":"fr-FR","potentialAction":[{"@type":"ReadAction","target":["https://pafritas.es/fr/boutique/sel-marin/"]}]},{"@type":"ImageObject","inLanguage":"fr-FR","@id":"https://pafritas.es/fr/boutique/sel-marin/#primaryimage","url":"https://pafritas.es/wp-content/uploads/2019/11/ImagenProductos_Tavola-disegno-1-copia.jpg","contentUrl":"https://pafritas.es/wp-content/uploads/2019/11/ImagenProductos_Tavola-disegno-1-copia.jpg","width":900,"height":900},{"@type":"BreadcrumbList","@id":"https://pafritas.es/fr/boutique/sel-marin/#breadcrumb","itemListElement":[{"@type":"ListItem","position":1,"name":"Portada","item":"https://pafritas.es/fr/"},{"@type":"ListItem","position":2,"name":"Produits","item":"https://pafritas.es/fr/shop/"},{"@type":"ListItem","position":3,"name":"Sel Marin"}]},{"@type":"WebSite","@id":"https://pafritas.es/fr/#website","url":"https://pafritas.es/fr/","name":"Pafritas: Patatas fritas artesanales","description":"Garantia de calidad","publisher":{"@id":"https://pafritas.es/fr/#organization"},"potentialAction":[{"@type":"SearchAction","target":{"@type":"EntryPoint","urlTemplate":"https://pafritas.es/fr/?s={search_term_string}"},"query-input":{"@type":"PropertyValueSpecification","valueRequired":true,"valueName":"search_term_string"}}],"inLanguage":"fr-FR"},{"@type":"Organization","@id":"https://pafritas.es/fr/#organization","name":"Pafritas","url":"https://pafritas.es/fr/","logo":{"@type":"ImageObject","inLanguage":"fr-FR","@id":"https://pafritas.es/fr/#/schema/logo/image/","url":"https://pafritas.es/wp-content/uploads/2013/10/Logotipo_Pafritas_Patatas_fritas_de_calidad-2.png","contentUrl":"https://pafritas.es/wp-content/uploads/2013/10/Logotipo_Pafritas_Patatas_fritas_de_calidad-2.png","width":155,"height":57,"caption":"Pafritas"},"image":{"@id":"https://pafritas.es/fr/#/schema/logo/image/"},"sameAs":["https://www.facebook.com/pafritasartesano","https://x.com/Pafritas","https://www.instagram.com/pafritas_artesano/"]}]}</script>
<!-- / Yoast SEO plugin. -->

Patata seleccionada variedad agria, frita en aceite de oliva de nuestras almazaras y sal marina de Torrevieja (España).
